{"id":1914,"date":"2022-09-22T19:17:43","date_gmt":"2022-09-22T17:17:43","guid":{"rendered":"https:\/\/2022.devartistics.com\/achat-dart-et-defiscalisation\/"},"modified":"2023-12-20T19:12:07","modified_gmt":"2023-12-20T18:12:07","slug":"achat-dart-et-defiscalisation","status":"publish","type":"page","link":"https:\/\/artistics.com\/fr\/achat-dart-et-defiscalisation\/","title":{"rendered":"Achat d&rsquo;art et d\u00e9fiscalisation"},"content":{"rendered":"<h2 class=\"wp-block-heading\" id=\"h-achat-d-art-et-defiscalisation-pour-les-entreprises-exploitant-en-france\">Achat d\u2019art et d\u00e9fiscalisation pour les entreprises exploitant en France<\/h2><div style=\"height:35px\" aria-hidden=\"true\" class=\"wp-block-spacer\"><\/div><p>Acquisition d\u2019\u0153uvres d\u2019artistes vivants par des entreprises et professions lib\u00e9rales<\/p><p>L\u2019article 238bis AB du CGI pr\u00e9cise que : \u00ab&nbsp;Les entreprises qui ach\u00e8tent, \u00e0 compter du 1er janvier 2002 et avant le 31 d\u00e9cembre 2025, des \u0153uvres originales d&rsquo;artistes vivants et les inscrivent \u00e0 un compte d&rsquo;actif immobilis\u00e9 peuvent d\u00e9duire du r\u00e9sultat de l&rsquo;exercice d&rsquo;acquisition et des quatre ann\u00e9es suivantes, par fractions \u00e9gales, une somme \u00e9gale au prix d&rsquo;acquisition.&nbsp;\u00bb<\/p><p>Par ailleurs, l&rsquo;article 238 bis du CGI stipule : \u00ab\u00a0Pour le calcul du montant de la r\u00e9duction d&rsquo;imp\u00f4t, l&rsquo;ensemble des versements y ouvrant droit en application du pr\u00e9sent article sont retenus dans la limite de 20 000 \u20ac ou de 5 pour mille du chiffre d&rsquo;affaires lorsque ce dernier montant est plus \u00e9lev\u00e9.\u00a0\u00bb<\/p><p><a href=\"https:\/\/www.legifrance.gouv.fr\/codes\/article_lc\/LEGIARTI000046868630\" rel=\"nofollow\">Cliquez ici pour consulter l&rsquo;article correspondant du CGI<\/a><\/p><p>Cet avantage fiscal est conditionn\u00e9 par 4 \u00e9l\u00e9ments :<\/p><ul class=\"wp-block-list\"><li>Les \u0153uvres acquises doivent \u00eatre inscrites \u00e0 un compte d\u2019actifs immobilis\u00e9s.<\/li>\n\n<li>La d\u00e9duction effectu\u00e9e au titre de chaque exercice ne doit pas exc\u00e9der 0,5 % du chiffre d\u2019affaires de l\u2019ann\u00e9e.<\/li>\n\n<li>L\u2019\u0153uvre doit \u00eatre expos\u00e9e durant les 5 ann\u00e9es, dans un lieu librement accessible aux employ\u00e9s et aux visiteurs de l\u2019entreprise.<\/li>\n\n<li>L\u2019entreprise doit inscrire \u00e0 un compte de r\u00e9serve sp\u00e9ciale au passif du bilan une somme \u00e9gale \u00e0 la d\u00e9duction op\u00e9r\u00e9e, sachant que cette somme sera r\u00e9int\u00e9gr\u00e9e au r\u00e9sultat imposable en cas de changements d\u2019affectation ou de cession de l\u2019\u0153uvre ou de pr\u00e9l\u00e8vement sur le compte de r\u00e9serve.<\/li><\/ul><div style=\"height:35px\" aria-hidden=\"true\" class=\"wp-block-spacer\"><\/div><h2 class=\"wp-block-heading\" id=\"h-achat-d-art-et-defiscalisation-pour-les-particuliers-ayant-leur-domicile-fiscal-en-france\">Achat d\u2019art et d\u00e9fiscalisation pour les particuliers ayant leur domicile fiscal en France<\/h2><div style=\"height:35px\" aria-hidden=\"true\" class=\"wp-block-spacer\"><\/div><p>Les \u0153uvres d\u2019art ne sont pas soumises \u00e0 l\u2019IFI (imp\u00f4t sur la fortune immobili\u00e8re). Les \u0153uvres d\u2019art qui permettent de b\u00e9n\u00e9ficier des avantages fiscaux sont list\u00e9es dans <a href=\"https:\/\/www.legifrance.gouv.fr\/codes\/article_lc\/LEGIARTI000006298775\/1995-10-27\" rel=\"nofollow\">article 98 A du code g\u00e9n\u00e9ral des imp\u00f4ts<\/a>.<\/p><div style=\"height:35px\" aria-hidden=\"true\" class=\"wp-block-spacer\"><\/div>","protected":false},"excerpt":{"rendered":"<p>Achat d\u2019art et d\u00e9fiscalisation pour les entreprises exploitant en France Acquisition d\u2019\u0153uvres d\u2019artistes vivants par des entreprises et professions lib\u00e9rales L\u2019article 238bis AB du CGI pr\u00e9cise que : \u00ab&nbsp;Les entreprises qui ach\u00e8tent, \u00e0 compter du 1er janvier 2002 et avant le 31 d\u00e9cembre 2025, des \u0153uvres originales d&rsquo;artistes vivants et les inscrivent \u00e0 un compte [&hellip;]<\/p>\n","protected":false},"author":1,"featured_media":0,"parent":0,"menu_order":0,"comment_status":"closed","ping_status":"closed","template":"","meta":{"_acf_changed":false,"_searchwp_excluded":"","inline_featured_image":false,"footnotes":""},"class_list":["post-1914","page","type-page","status-publish","hentry"],"acf":[],"yoast_head":"<!-- This site is optimized with the Yoast SEO Premium plugin v27.3 (Yoast SEO v27.3) - https:\/\/yoast.com\/product\/yoast-seo-premium-wordpress\/ -->\n<title>Achat d&#039;art et d\u00e9fiscalisation | Artistics<\/title>\n<meta name=\"robots\" content=\"index, follow, max-snippet:-1, max-image-preview:large, max-video-preview:-1\" \/>\n<link rel=\"canonical\" href=\"https:\/\/artistics.com\/fr\/achat-dart-et-defiscalisation\/\" \/>\n<meta property=\"og:locale\" content=\"fr_FR\" \/>\n<meta property=\"og:type\" content=\"article\" \/>\n<meta property=\"og:title\" content=\"Achat d&#039;art et d\u00e9fiscalisation\" \/>\n<meta property=\"og:description\" content=\"Achat d\u2019art et d\u00e9fiscalisation pour les entreprises exploitant en France Acquisition d\u2019\u0153uvres d\u2019artistes vivants par des entreprises et professions lib\u00e9rales L\u2019article 238bis AB du CGI pr\u00e9cise que : \u00ab&nbsp;Les entreprises qui ach\u00e8tent, \u00e0 compter du 1er janvier 2002 et avant le 31 d\u00e9cembre 2025, des \u0153uvres originales d&rsquo;artistes vivants et les inscrivent \u00e0 un compte [&hellip;]\" \/>\n<meta property=\"og:url\" content=\"https:\/\/artistics.com\/fr\/achat-dart-et-defiscalisation\/\" \/>\n<meta property=\"og:site_name\" content=\"Artistics\" \/>\n<meta property=\"article:publisher\" content=\"https:\/\/www.facebook.com\/ArtisticsMag\" \/>\n<meta property=\"article:modified_time\" content=\"2023-12-20T18:12:07+00:00\" \/>\n<meta property=\"og:image\" content=\"https:\/\/artistics.com\/wp-content\/uploads\/2023\/04\/artistics-site-image.jpeg\" \/>\n\t<meta property=\"og:image:width\" content=\"1200\" \/>\n\t<meta property=\"og:image:height\" content=\"675\" \/>\n\t<meta property=\"og:image:type\" content=\"image\/jpeg\" \/>\n<meta name=\"twitter:card\" content=\"summary_large_image\" \/>\n<meta name=\"twitter:site\" content=\"@Artistics_FR\" \/>\n<meta name=\"twitter:label1\" content=\"Dur\u00e9e de lecture estim\u00e9e\" \/>\n\t<meta name=\"twitter:data1\" content=\"2 minutes\" \/>\n<script type=\"application\/ld+json\" class=\"yoast-schema-graph\">{\"@context\":\"https:\\\/\\\/schema.org\",\"@graph\":[{\"@type\":\"WebPage\",\"@id\":\"https:\\\/\\\/artistics.com\\\/fr\\\/achat-dart-et-defiscalisation\\\/\",\"url\":\"https:\\\/\\\/artistics.com\\\/fr\\\/achat-dart-et-defiscalisation\\\/\",\"name\":\"Achat d'art et d\u00e9fiscalisation | Artistics\",\"isPartOf\":{\"@id\":\"https:\\\/\\\/artistics.com\\\/fr\\\/#website\"},\"datePublished\":\"2022-09-22T17:17:43+00:00\",\"dateModified\":\"2023-12-20T18:12:07+00:00\",\"breadcrumb\":{\"@id\":\"https:\\\/\\\/artistics.com\\\/fr\\\/achat-dart-et-defiscalisation\\\/#breadcrumb\"},\"inLanguage\":\"fr-FR\",\"potentialAction\":[{\"@type\":\"ReadAction\",\"target\":[\"https:\\\/\\\/artistics.com\\\/fr\\\/achat-dart-et-defiscalisation\\\/\"]}]},{\"@type\":\"BreadcrumbList\",\"@id\":\"https:\\\/\\\/artistics.com\\\/fr\\\/achat-dart-et-defiscalisation\\\/#breadcrumb\",\"itemListElement\":[{\"@type\":\"ListItem\",\"position\":1,\"name\":\"Achat \u0153uvre d'art\",\"item\":\"https:\\\/\\\/artistics.com\\\/fr\\\/\"},{\"@type\":\"ListItem\",\"position\":2,\"name\":\"Achat d&#8217;art et d\u00e9fiscalisation\"}]},{\"@type\":\"WebSite\",\"@id\":\"https:\\\/\\\/artistics.com\\\/fr\\\/#website\",\"url\":\"https:\\\/\\\/artistics.com\\\/fr\\\/\",\"name\":\"Artistics\",\"description\":\"The online art gallery\",\"publisher\":{\"@id\":\"https:\\\/\\\/artistics.com\\\/fr\\\/#organization\"},\"potentialAction\":[{\"@type\":\"SearchAction\",\"target\":{\"@type\":\"EntryPoint\",\"urlTemplate\":\"https:\\\/\\\/artistics.com\\\/fr\\\/?s={search_term_string}\"},\"query-input\":{\"@type\":\"PropertyValueSpecification\",\"valueRequired\":true,\"valueName\":\"search_term_string\"}}],\"inLanguage\":\"fr-FR\"},{\"@type\":\"Organization\",\"@id\":\"https:\\\/\\\/artistics.com\\\/fr\\\/#organization\",\"name\":\"Artistics\",\"url\":\"https:\\\/\\\/artistics.com\\\/fr\\\/\",\"logo\":{\"@type\":\"ImageObject\",\"inLanguage\":\"fr-FR\",\"@id\":\"https:\\\/\\\/artistics.com\\\/fr\\\/#\\\/schema\\\/logo\\\/image\\\/\",\"url\":\"https:\\\/\\\/artistics.com\\\/wp-content\\\/uploads\\\/2023\\\/02\\\/artistics-logo-web-1.svg\",\"contentUrl\":\"https:\\\/\\\/artistics.com\\\/wp-content\\\/uploads\\\/2023\\\/02\\\/artistics-logo-web-1.svg\",\"caption\":\"Artistics\"},\"image\":{\"@id\":\"https:\\\/\\\/artistics.com\\\/fr\\\/#\\\/schema\\\/logo\\\/image\\\/\"},\"sameAs\":[\"https:\\\/\\\/www.facebook.com\\\/ArtisticsMag\",\"https:\\\/\\\/x.com\\\/Artistics_FR\",\"http:\\\/\\\/www.linkedin.com\\\/company\\\/artistics\",\"https:\\\/\\\/www.instagram.com\\\/artistics_com\\\/\",\"http:\\\/\\\/www.pinterest.com\\\/ArtisticsMag\"],\"hasMerchantReturnPolicy\":{\"@type\":\"MerchantReturnPolicy\",\"merchantReturnLink\":\"https:\\\/\\\/artistics.com\\\/free-return-policy\\\/\"}}]}<\/script>\n<!-- \/ Yoast SEO Premium plugin. -->","yoast_head_json":{"title":"Achat d'art et d\u00e9fiscalisation | Artistics","robots":{"index":"index","follow":"follow","max-snippet":"max-snippet:-1","max-image-preview":"max-image-preview:large","max-video-preview":"max-video-preview:-1"},"canonical":"https:\/\/artistics.com\/fr\/achat-dart-et-defiscalisation\/","og_locale":"fr_FR","og_type":"article","og_title":"Achat d'art et d\u00e9fiscalisation","og_description":"Achat d\u2019art et d\u00e9fiscalisation pour les entreprises exploitant en France Acquisition d\u2019\u0153uvres d\u2019artistes vivants par des entreprises et professions lib\u00e9rales L\u2019article 238bis AB du CGI pr\u00e9cise que : \u00ab&nbsp;Les entreprises qui ach\u00e8tent, \u00e0 compter du 1er janvier 2002 et avant le 31 d\u00e9cembre 2025, des \u0153uvres originales d&rsquo;artistes vivants et les inscrivent \u00e0 un compte [&hellip;]","og_url":"https:\/\/artistics.com\/fr\/achat-dart-et-defiscalisation\/","og_site_name":"Artistics","article_publisher":"https:\/\/www.facebook.com\/ArtisticsMag","article_modified_time":"2023-12-20T18:12:07+00:00","og_image":[{"width":1200,"height":675,"url":"https:\/\/artistics.com\/wp-content\/uploads\/2023\/04\/artistics-site-image.jpeg","type":"image\/jpeg"}],"twitter_card":"summary_large_image","twitter_site":"@Artistics_FR","twitter_misc":{"Dur\u00e9e de lecture estim\u00e9e":"2 minutes"},"schema":{"@context":"https:\/\/schema.org","@graph":[{"@type":"WebPage","@id":"https:\/\/artistics.com\/fr\/achat-dart-et-defiscalisation\/","url":"https:\/\/artistics.com\/fr\/achat-dart-et-defiscalisation\/","name":"Achat d'art et d\u00e9fiscalisation | Artistics","isPartOf":{"@id":"https:\/\/artistics.com\/fr\/#website"},"datePublished":"2022-09-22T17:17:43+00:00","dateModified":"2023-12-20T18:12:07+00:00","breadcrumb":{"@id":"https:\/\/artistics.com\/fr\/achat-dart-et-defiscalisation\/#breadcrumb"},"inLanguage":"fr-FR","potentialAction":[{"@type":"ReadAction","target":["https:\/\/artistics.com\/fr\/achat-dart-et-defiscalisation\/"]}]},{"@type":"BreadcrumbList","@id":"https:\/\/artistics.com\/fr\/achat-dart-et-defiscalisation\/#breadcrumb","itemListElement":[{"@type":"ListItem","position":1,"name":"Achat \u0153uvre d'art","item":"https:\/\/artistics.com\/fr\/"},{"@type":"ListItem","position":2,"name":"Achat d&#8217;art et d\u00e9fiscalisation"}]},{"@type":"WebSite","@id":"https:\/\/artistics.com\/fr\/#website","url":"https:\/\/artistics.com\/fr\/","name":"Artistics","description":"The online art gallery","publisher":{"@id":"https:\/\/artistics.com\/fr\/#organization"},"potentialAction":[{"@type":"SearchAction","target":{"@type":"EntryPoint","urlTemplate":"https:\/\/artistics.com\/fr\/?s={search_term_string}"},"query-input":{"@type":"PropertyValueSpecification","valueRequired":true,"valueName":"search_term_string"}}],"inLanguage":"fr-FR"},{"@type":"Organization","@id":"https:\/\/artistics.com\/fr\/#organization","name":"Artistics","url":"https:\/\/artistics.com\/fr\/","logo":{"@type":"ImageObject","inLanguage":"fr-FR","@id":"https:\/\/artistics.com\/fr\/#\/schema\/logo\/image\/","url":"https:\/\/artistics.com\/wp-content\/uploads\/2023\/02\/artistics-logo-web-1.svg","contentUrl":"https:\/\/artistics.com\/wp-content\/uploads\/2023\/02\/artistics-logo-web-1.svg","caption":"Artistics"},"image":{"@id":"https:\/\/artistics.com\/fr\/#\/schema\/logo\/image\/"},"sameAs":["https:\/\/www.facebook.com\/ArtisticsMag","https:\/\/x.com\/Artistics_FR","http:\/\/www.linkedin.com\/company\/artistics","https:\/\/www.instagram.com\/artistics_com\/","http:\/\/www.pinterest.com\/ArtisticsMag"],"hasMerchantReturnPolicy":{"@type":"MerchantReturnPolicy","merchantReturnLink":"https:\/\/artistics.com\/free-return-policy\/"}}]}},"_links":{"self":[{"href":"https:\/\/artistics.com\/fr\/wp-json\/wp\/v2\/pages\/1914","targetHints":{"allow":["GET"]}}],"collection":[{"href":"https:\/\/artistics.com\/fr\/wp-json\/wp\/v2\/pages"}],"about":[{"href":"https:\/\/artistics.com\/fr\/wp-json\/wp\/v2\/types\/page"}],"author":[{"embeddable":true,"href":"https:\/\/artistics.com\/fr\/wp-json\/wp\/v2\/users\/1"}],"replies":[{"embeddable":true,"href":"https:\/\/artistics.com\/fr\/wp-json\/wp\/v2\/comments?post=1914"}],"version-history":[{"count":2,"href":"https:\/\/artistics.com\/fr\/wp-json\/wp\/v2\/pages\/1914\/revisions"}],"predecessor-version":[{"id":45174,"href":"https:\/\/artistics.com\/fr\/wp-json\/wp\/v2\/pages\/1914\/revisions\/45174"}],"wp:attachment":[{"href":"https:\/\/artistics.com\/fr\/wp-json\/wp\/v2\/media?parent=1914"}],"curies":[{"name":"wp","href":"https:\/\/api.w.org\/{rel}","templated":true}]}}

Achat d&rsquo;art et défiscalisation

<h2 class="wp-block-heading" id="h-achat-d-art-et-defiscalisation-pour-les-entreprises-exploitant-en-france">Achat d’art et défiscalisation pour les entreprises exploitant en France</h2><div style="height:35px" aria-hidden="true" class="wp-block-spacer"></div><p>Acquisition d’œuvres d’artistes vivants par des entreprises et professions libérales</p><p>L’article 238bis AB du CGI précise que : «&nbsp;Les entreprises qui achètent, à compter du 1er janvier 2002 et avant le 31 décembre 2025, des œuvres originales d&rsquo;artistes vivants et les inscrivent à un compte d&rsquo;actif immobilisé peuvent déduire du résultat de l&rsquo;exercice d&rsquo;acquisition et des quatre années suivantes, par fractions égales, une somme égale au prix d&rsquo;acquisition.&nbsp;»</p><p>Par ailleurs, l&rsquo;article 238 bis du CGI stipule : « Pour le calcul du montant de la réduction d&rsquo;impôt, l&rsquo;ensemble des versements y ouvrant droit en application du présent article sont retenus dans la limite de 20 000 € ou de 5 pour mille du chiffre d&rsquo;affaires lorsque ce dernier montant est plus élevé. »</p><p><a href="https://www.legifrance.gouv.fr/codes/article_lc/LEGIARTI000046868630" rel="nofollow">Cliquez ici pour consulter l&rsquo;article correspondant du CGI</a></p><p>Cet avantage fiscal est conditionné par 4 éléments :</p><ul class="wp-block-list"><li>Les œuvres acquises doivent être inscrites à un compte d’actifs immobilisés.</li>

<li>La déduction effectuée au titre de chaque exercice ne doit pas excéder 0,5 % du chiffre d’affaires de l’année.</li>

<li>L’œuvre doit être exposée durant les 5 années, dans un lieu librement accessible aux employés et aux visiteurs de l’entreprise.</li>

<li>L’entreprise doit inscrire à un compte de réserve spéciale au passif du bilan une somme égale à la déduction opérée, sachant que cette somme sera réintégrée au résultat imposable en cas de changements d’affectation ou de cession de l’œuvre ou de prélèvement sur le compte de réserve.</li></ul><div style="height:35px" aria-hidden="true" class="wp-block-spacer"></div><h2 class="wp-block-heading" id="h-achat-d-art-et-defiscalisation-pour-les-particuliers-ayant-leur-domicile-fiscal-en-france">Achat d’art et défiscalisation pour les particuliers ayant leur domicile fiscal en France</h2><div style="height:35px" aria-hidden="true" class="wp-block-spacer"></div><p>Les œuvres d’art ne sont pas soumises à l’IFI (impôt sur la fortune immobilière). Les œuvres d’art qui permettent de bénéficier des avantages fiscaux sont listées dans <a href="https://www.legifrance.gouv.fr/codes/article_lc/LEGIARTI000006298775/1995-10-27" rel="nofollow">article 98 A du code général des impôts</a>.</p><div style="height:35px" aria-hidden="true" class="wp-block-spacer"></div>

<p>Achat d’art et défiscalisation pour les entreprises exploitant en France Acquisition d’œuvres d’artistes vivants par des entreprises et professions libérales L’article 238bis AB du CGI précise que : «&nbsp;Les entreprises qui achètent, à compter du 1er janvier 2002 et avant le 31 décembre 2025, des œuvres originales d&rsquo;artistes vivants et les inscrivent à un compte [&hellip;]</p>

<!-- This site is optimized with the Yoast SEO Premium plugin v27.3 (Yoast SEO v27.3) - https://yoast.com/product/yoast-seo-premium-wordpress/ -->
<title>Achat d&#039;art et défiscalisation | Artistics</title>
<meta name="robots" content="index, follow, max-snippet:-1, max-image-preview:large, max-video-preview:-1" />
<link rel="canonical" href="https://artistics.com/fr/achat-dart-et-defiscalisation/" />
<meta property="og:locale" content="fr_FR" />
<meta property="og:type" content="article" />
<meta property="og:title" content="Achat d&#039;art et défiscalisation" />
<meta property="og:description" content="Achat d’art et défiscalisation pour les entreprises exploitant en France Acquisition d’œuvres d’artistes vivants par des entreprises et professions libérales L’article 238bis AB du CGI précise que : «&nbsp;Les entreprises qui achètent, à compter du 1er janvier 2002 et avant le 31 décembre 2025, des œuvres originales d&rsquo;artistes vivants et les inscrivent à un compte [&hellip;]" />
<meta property="og:url" content="https://artistics.com/fr/achat-dart-et-defiscalisation/" />
<meta property="og:site_name" content="Artistics" />
<meta property="article:publisher" content="https://www.facebook.com/ArtisticsMag" />
<meta property="article:modified_time" content="2023-12-20T18:12:07+00:00" />
<meta property="og:image" content="https://artistics.com/wp-content/uploads/2023/04/artistics-site-image.jpeg" />
	<meta property="og:image:width" content="1200" />
	<meta property="og:image:height" content="675" />
	<meta property="og:image:type" content="image/jpeg" />
<meta name="twitter:card" content="summary_large_image" />
<meta name="twitter:site" content="@Artistics_FR" />
<meta name="twitter:label1" content="Durée de lecture estimée" />
	<meta name="twitter:data1" content="2 minutes" />
<script type="application/ld+json" class="yoast-schema-graph">{"@context":"https:\/\/schema.org","@graph":[{"@type":"WebPage","@id":"https:\/\/artistics.com\/fr\/achat-dart-et-defiscalisation\/","url":"https:\/\/artistics.com\/fr\/achat-dart-et-defiscalisation\/","name":"Achat d'art et défiscalisation | Artistics","isPartOf":{"@id":"https:\/\/artistics.com\/fr\/#website"},"datePublished":"2022-09-22T17:17:43+00:00","dateModified":"2023-12-20T18:12:07+00:00","breadcrumb":{"@id":"https:\/\/artistics.com\/fr\/achat-dart-et-defiscalisation\/#breadcrumb"},"inLanguage":"fr-FR","potentialAction":[{"@type":"ReadAction","target":["https:\/\/artistics.com\/fr\/achat-dart-et-defiscalisation\/"]}]},{"@type":"BreadcrumbList","@id":"https:\/\/artistics.com\/fr\/achat-dart-et-defiscalisation\/#breadcrumb","itemListElement":[{"@type":"ListItem","position":1,"name":"Achat œuvre d'art","item":"https:\/\/artistics.com\/fr\/"},{"@type":"ListItem","position":2,"name":"Achat d&#8217;art et défiscalisation"}]},{"@type":"WebSite","@id":"https:\/\/artistics.com\/fr\/#website","url":"https:\/\/artistics.com\/fr\/","name":"Artistics","description":"The online art gallery","publisher":{"@id":"https:\/\/artistics.com\/fr\/#organization"},"potentialAction":[{"@type":"SearchAction","target":{"@type":"EntryPoint","urlTemplate":"https:\/\/artistics.com\/fr\/?s={search_term_string}"},"query-input":{"@type":"PropertyValueSpecification","valueRequired":true,"valueName":"search_term_string"}}],"inLanguage":"fr-FR"},{"@type":"Organization","@id":"https:\/\/artistics.com\/fr\/#organization","name":"Artistics","url":"https:\/\/artistics.com\/fr\/","logo":{"@type":"ImageObject","inLanguage":"fr-FR","@id":"https:\/\/artistics.com\/fr\/#\/schema\/logo\/image\/","url":"https:\/\/artistics.com\/wp-content\/uploads\/2023\/02\/artistics-logo-web-1.svg","contentUrl":"https:\/\/artistics.com\/wp-content\/uploads\/2023\/02\/artistics-logo-web-1.svg","caption":"Artistics"},"image":{"@id":"https:\/\/artistics.com\/fr\/#\/schema\/logo\/image\/"},"sameAs":["https:\/\/www.facebook.com\/ArtisticsMag","https:\/\/x.com\/Artistics_FR","http:\/\/www.linkedin.com\/company\/artistics","https:\/\/www.instagram.com\/artistics_com\/","http:\/\/www.pinterest.com\/ArtisticsMag"],"hasMerchantReturnPolicy":{"@type":"MerchantReturnPolicy","merchantReturnLink":"https:\/\/artistics.com\/free-return-policy\/"}}]}</script>
<!-- / Yoast SEO Premium plugin. -->

Achat d'art et défiscalisation | Artistics

Achat d'art et défiscalisation

Achat d’art et défiscalisation pour les entreprises exploitant en France Acquisition d’œuvres d’artistes vivants par des entreprises et professions libérales L’article 238bis AB du CGI précise que : «&nbsp;Les entreprises qui achètent, à compter du 1er janvier 2002 et avant le 31 décembre 2025, des œuvres originales d&rsquo;artistes vivants et les inscrivent à un compte [&hellip;]

Achat œuvre d'art

Achat d&#8217;art et défiscalisation
